6351 and 49.
49
Calculate the highest common divisor of 8346789 and 3894.
1947
Calculate the highest common divisor of 2919 and 5267127.
417
Calculate the highest common divisor of 765 and 49280076.
153
What is the highest common factor of 99931855 and 1270?
635
What is the greatest common divisor of 154241 and 170323?
731
Calculate the highest common factor of 171230 and 17210.
10
What is the greatest common factor of 186388320 and 960?
480
What is the highest common factor of 35788 and 524860?
92
Calculate the highest common divisor of 2034 and 455751.
9
Calculate the greatest common factor of 272742 and 333814.
694
Calculate the highest common divisor of 861 and 404418.
21
What is the greatest common divisor of 65149 and 94997?
287
What is the greatest common divisor of 30 and 16644630?
30
Calculate the highest common factor of 12270144 and 60.
12
Calculate the highest common factor of 18853 and 1642429.
1109
Calculate the greatest common factor of 31848 and 3320.
8
Calculate the highest common divisor of 242394 and 441762.
426
What is the greatest common factor of 1095 and 2922044?
73
What is the highest common factor of 51536 and 389104?
16
Calculate the highest common divisor of 75896316 and 72.
36
Calculate the greatest common factor of 6519145 and 310.
155
What is the highest common divisor of 7281 and 8406?
9
Calculate the highest common factor of 29940 and 466035.
15
What is the highest common divisor of 8639793 and 2076?
519
Calculate the highest common divisor of 1201665 and 8970.
15
What is the greatest common factor of 51615312 and 23?
23
Calculate the highest common factor of 153923 and 2015629.
77
What is the highest common divisor of 184 and 79133800?
184
Calculate the greatest common factor of 61551952 and 112.
112
What is the highest common factor of 25879364 and 1148?
1148
Calculate the greatest common divisor of 240400 and 7600.
400
What is the greatest common factor of 52173 and 62080073?
5797
What is the greatest common factor of 69634862 and 254?
254
What is the highest common divisor of 87 and 7926367?
29
What is the highest common divisor of 186060 and 1402520?
140
Calculate the highest common divisor of 2224697 and 721.
103
What is the greatest common factor of 4399 and 2862424?
53
Calculate the greatest common divisor of 2232 and 11032776.
2232
Calculate the highest common factor of 39538 and 20882.
106
What is the highest common factor of 169988 and 141596?
364
Calculate the highest common factor of 1323 and 27912507.
147
Calculate the greatest common divisor of 3148740 and 269010.
4410
Calculate the highest common factor of 3 and 9878832.
3
What is the highest common divisor of 40 and 2669569640?
40
Calculate the greatest common factor of 903 and 54330213.
21
Calculate the highest common divisor of 63 and 1081108.
7
Calculate the greatest common divisor of 6066 and 77040.
18
Calculate the greatest common divisor of 46400 and 35317650.
1450
Calculate the greatest common factor of 2302706 and 133.
7
Calculate the greatest common factor of 11448 and 44294697.
477
Calculate the greatest common factor of 81 and 11992059.
9
Calculate the greatest common factor of 21 and 3712198.
7
Calculate the highest common divisor of 72 and 1727416.
8
Calculate the greatest common factor of 84643055 and 98.
7
Calculate the greatest common divisor of 854 and 153123481.
427
Calculate the highest common factor of 23479 and 706967.
53
What is the highest common divisor of 88 and 373714?
22
Calculate the highest common divisor of 8896 and 3466208.
32
Calculate the greatest common divisor of 440796 and 234132.
1308
What is the greatest common factor of 66 and 872308646?
22
What is the highest common divisor of 61813381 and 5467?
497
Calculate the highest common factor of 135 and 20079090.
135
Calculate the greatest common factor of 168839805 and 5.
5
Calculate the greatest common factor of 774 and 3391926.
258
What is the highest common factor of 176 and 924239536?
176
Calculate the greatest common divisor of 85446 and 394001.
4747
Calculate the highest common factor of 683935 and 420.
35
Calculate the greatest common factor of 17 and 663068.
17
Calculate the greatest common factor of 30720 and 170360.
40
Calculate the greatest common divisor of 6438330 and 702.
18
Calculate the greatest common divisor of 36580 and 55047.
59
What is the highest common divisor of 6138 and 13577938?
682
What is the highest common divisor of 50 and 810906?
2
Calculate the highest common divisor of 4832841 and 26.
13
What is the greatest common factor of 370136 and 2509?
13
Calculate the greatest common factor of 15609 and 1391379.
363
Calculate the greatest common factor of 113438 and 78572.
26
What is the greatest common factor of 955 and 663259533?
191
Calculate the highest common divisor of 2245191 and 17043.
897
What is the highest common factor of 1006550 and 2150?
50
What is the highest common factor of 1120 and 44671480?
280
Calculate the highest common divisor of 42 and 8916166.
14
What is the greatest common divisor of 4643697 and 40319?
1753
Calculate the highest common factor of 58631364 and 96.
12
What is the highest common divisor of 330780 and 2914194?
222
What is the highest common divisor of 10137 and 326782?
109
Calculate the greatest common factor of 67164 and 95497.
29
What is the greatest common factor of 1564 and 2459492?
68
Calculate the highest common divisor of 2291229 and 45.
9
What is the highest common factor of 10763081 and 3339?
371
Calculate the greatest common factor of 1096 and 29687352.
1096
Calculate the greatest common factor of 46512 and 69648.
48
Calculate the greatest common factor of 23672490 and 978.
978
Calculate the greatest common divisor of 40428039 and 59.
59
Calculate the highest common divisor of 654 and 233811322.
218
Calculate the highest common factor of 208 and 21872006.
26
Calculate the highest common divisor of 13161142 and 3382.
178
Calculate the greatest common factor of 83111 and 616.
7
Calculate the greatest common divisor of 815971 and 7475.
299
What is the highest common factor of 3299409 and 954?
477
Calculate the highest common factor of 36 and 249884622.
18
Calculate the highest common divisor of 4137 and 1501143.
21
Calculate the highest common factor of 37964383 and 17.
17
What is the greatest common divisor of 3709060 and 15300?
340
What is the greatest common divisor of 8601583 and 34245?
761
What is the highest common divisor of 1712490880 and 20?
20
Calculate the highest common divisor of 786 and 57009759.
393
What is the highest common factor of 150282 and 1078?
22
What is the greatest common factor of 55 and 3207360?
5
Calculate the highest common divisor of 1610 and 19687885.
805
What is the highest common factor of 38213 and 4223?
103
What is the greatest common divisor of 15 and 94867365?
15
Calculate the highest common divisor of 8255 and 10786745.
635
Calculate the greatest common factor of 4103 and 51293.
11
What is the greatest common factor of 750 and 1176900?
150
What is the highest common divisor of 2756 and 5898953?
53
What is the highest common factor of 100575 and 16241?
149
What is the highest common divisor of 10295591 and 187351?
4357
What is the highest common divisor of 847205 and 2185?
115
Calculate the greatest common divisor of 211667134 and 7.
7
What is the greatest common divisor of 627932 and 1785572?
3508
Calculate the highest common divisor of 7022561 and 5915.
91
What is the highest common divisor of 7121260 and 3955?
565
What is the greatest common divisor of 1314840 and 25?
5
Calculate the highest common factor of 1482 and 2141718.
114
Calculate the highest common factor of 518178 and 24.
6
Calculate the highest common factor of 658 and 44122472.
94
What is the highest common factor of 4408262 and 291?
97
Calculate the greatest common divisor of 21909 and 690951.
327
Calculate the greatest common factor of 26 and 916573307.
13
What is the greatest common divisor of 15515612 and 35?
7
What is the greatest common factor of 497 and 316447?
71
Calculate the highest common divisor of 5436 and 16034388.
1812
What is the highest common divisor of 182188 and 5165276?
4924
Calculate the greatest common factor of 67959 and 552901.
839
What is the highest common facto